- 5*t = -2*z - 9, 4*z + 36 = -4*t. Let i = z + 13. Suppose 0 = i*l - 3*l + 3*j - 104, -3*j + 12 = 0. What are the prime factors of l?
23
Let c(s) = -4*s**2 + 2*s - 1. Let m be c(-2). List the prime factors of 4/(24/m)*-2.
7
Let g(k) = 65*k + 80. What are the prime factors of g(16)?
2, 5, 7
Suppose 0 = 15*a - 186 - 20724. List the prime factors of a.
2, 17, 41
List the prime factors of (-94)/(-4)*(24 - 22).
47
Let u(p) = 208*p + 375. List the prime factors of u(22).
4951
Suppose 12*y = 9*y + 873. Let p = -102 + y. What are the prime factors of p?
3, 7
Let l be 522/15 - (-6)/30. Let k = l + -29. Suppose 0 = k*g - 457 + 139. What are the prime factors of g?
53
Let d(o) = 5*o - 1. Let k be d(5). Let j(x) = -2*x**2 - x + 1. Let q be j(1). What are the prime factors of (-6)/4*k/q?
2, 3
Let r(y) = 99*y - 216. List the prime factors of r(3).
3
Suppose 2*k + y = 14, -3*k + 19 = -y - 2. Let h(i) = 2*i**3 - i**2 + 0 + 4 + 4*i + 2 - k. List the prime factors of h(3).
2, 7
Suppose -9*k = -6544 + 2026. Let q = k - 325. What are the prime factors of q?
3, 59
Suppose 7056 - 26406 = -25*s. List the prime factors of s.
2, 3, 43
Let h = -33968 - -12557. Let k = h + 11625. List the prime factors of 4/18 + k/(-189).
2, 13
Let o(s) = s - 8. Let q be o(5). What are the prime factors of (747/6)/(q/(-4))?
2, 83
Let c = 142 - 94. What are the prime factors of c/(-20) + 2 + 224/10?
2, 11
Let t = 1 + 18. What are the prime factors of t?
19
Suppose -3398 - 4310 = -3*c - 4*i, 0 = 2*i + 10. List the prime factors of c.
2, 7, 23
Suppose -2*t + 10 + 32 = 0. Suppose 6*q - 9 - t = 0. Let h(n) = 2*n**2 - 9*n. What are the prime factors of h(q)?
5
Suppose -5*q = -a - 2*a - 2403, q + a - 487 = 0. List the prime factors of q.
3, 7, 23
Let p(h) = 6*h**3 - 7*h**2 + 40*h + 24. List the prime factors of p(8).
2, 7, 53
Let x be 34*(2 + 6/(-4)). Suppose -3*p + 18 = 2*n, -6*p - 10 = -p. Let y = x - n. List the prime factors of y.
5
Let l be (-60)/((-6)/2) - -4. Let c = l + -21. Suppose c*v + v = 2*s + 74, 5*v = 5*s + 80. List the prime factors of v.
3, 7
What are the prime factors of (-20 + 21)/(2/3316)?
2, 829
Let m be (1 + -1)*(-10)/(-20). Suppose m = -4*p - 4, 181 = 5*i - 3*p + 43. Let c = i + 13. What are the prime factors of c?
2, 5
Let m(g) = 37*g + 32. Let c be m(4). List the prime factors of c - 20/25*5.
2, 11
Let d(c) be the second derivative of 3*c**4/4 + 2*c**3/3 + 13*c**2 + 21*c. List the prime factors of d(-4).
2, 7, 11
Let c(r) = -r**3 - 10*r**2 - r - 6. Let o be c(-10). Suppose -2*g - o = -3*g. List the prime factors of (-6)/g*(-104)/39.
2
Let w = -13 - -26. What are the prime factors of 60*(26/w + (-2)/3)?
2, 5
Let g = 463 + -434. What are the prime factors of g?
29
Let u = -392 - -153. Let x = -41 - u. What are the prime factors of x?
2, 3, 11
Let a be (3 + 0)*4/6. Suppose -4*f - b + 4 = -a*b, 0 = f - 3*b + 10. Suppose f*w + 120 = 4*d + 4*w, -5*d + 147 = w. List the prime factors of d.
29
Suppose -3*j + 329 = -0*h + 5*h, 70 = h + 2*j. Suppose -4*v = 5*m + h, v + 5 = m - 11. What are the prime factors of 4/v - (-137)/4?
2, 17
Suppose 0 = 16*g - 5767 - 1817. List the prime factors of g.
2, 3, 79
Suppose 1239 = 35*u - 32*u. What are the prime factors of u?
7, 59
Let d(n) = 4*n. Suppose r - 3*r + 3 = -v, 3*v - 1 = r. Let l be d(r). Let a = l + 1. List the prime factors of a.
3
Suppose 10 + 3 = 4*c - 3*s, -14 = -3*c - 2*s. Suppose -c*h - h + 270 = 0. What are the prime factors of h?
2, 3
Suppose -o - 1965 = -4*q, -5*q + 4*o = 2*o - 2460. What are the prime factors of q?
2, 5, 7
Let u(j) = -j**3 + 16*j**2 + 33*j - 54. What are the prime factors of u(13)?
2, 3, 7
Let w(z) be the first derivative of z**3/3 + 7*z**2/2 + 8*z - 25. Suppose 0 = 3*f + 13 + 5. What are the prime factors of w(f)?
2
Let d = 13 + -21. What are the prime factors of d/(-44) + 1294/22?
59
Suppose 7*m - 12 = 5*m. What are the prime factors of 1*-1 - (-15 + -6)*m?
5
Suppose 32 + 0 = u. Let q be 3 - -18 - (0 - -2). Let h = u - q. What are the prime factors of h?
13
List the prime factors of 3/2*(222 - 10).
2, 3, 53
Let m(k) = k**3 + 2*k**2 - 2*k + 2. Let g be m(-3). Let s be 1 + g + (3 - -41). Let i = s - 27. List the prime factors of i.
17
Let q(z) = -3*z**3 + 65*z**2 - 45*z - 37. What are the prime factors of q(20)?
1063
Let d(b) = -b - 3. Let p be d(-6). Suppose 2*i = -i + h + 13, 5*i + p*h = 3. List the prime factors of i.
3
Suppose b = 4*m - 2, 2*m + 20 = -2*b - b. Let o(r) = -2*r - 10. Let k be o(b). Suppose -3*i + 5 = -i - c, 0 = -k*i - 4*c. What are the prime factors of i?
2
Let g(n) = 24*n - 9. Let y be (-8)/3*12/(-8). List the prime factors of g(y).
3, 29
Let w(u) = 1. Let t(d) = d - 5. Let k(r) = -2*t(r) - 18*w(r). Let i be k(9). What are the prime factors of 4/i + 3585/65?
5, 11
What are the prime factors of ((-13)/(-52))/(-3 + 6853/2284)?
571
Let l be (2 + (2 - -1))*1. What are the prime factors of l/((-75)/(-6)) + 6687/45?
149
Let y(o) = -o**3 + 10*o**2 + 10*o + 11. Let w be y(11). Suppose w*z - j + 682 = 5*z, -3*z - 3*j + 402 = 0. List the prime factors of z.
137
Suppose c - 8*y - 215 = -4*y, -5*y = 5. Suppose 854 = 5*d - c. What are the prime factors of d?
3, 71
Suppose -4*h + 68 + 0 = 4*r, 2*h + 92 = 5*r. What are the prime factors of 6400/45 - ((-32)/r + 2)?
2, 71
Let r(h) be the first derivative of h**2/2 - 2*h + 8. Let b be r(5). What are the prime factors of b + ((-184)/(-4) - 3)?
2, 23
Suppose -4*f - 12 = 0, 3*l + 3*f + 2 = -1. Let t(s) = s**3 + 2*s. Let v be t(l). Let i = 21 + v. What are the prime factors of i?
3, 11
Suppose 77*c - 103875 - 115575 = 0. List the prime factors of c.
2, 3, 5, 19
Suppose -4*v - 4*f + 225 = 765, -558 = 4*v - 5*f. Let j = v + 230. What are the prime factors of j?
3, 31
Let s(i) = -21*i - 1. Let q be s(-1). Suppose q*h - 24*h = -924. What are the prime factors of h?
3, 7, 11
Suppose 0 = -5*z + 15, 3*v + 2*z = -z + 45. Suppose -v*j + 320 = -832. List the prime factors of j.
2, 3
Suppose -a + 82 = g, -3*a + 230 = -4*g + 3*g. Suppose -5*y - 4*j - 396 = -0*j, -2*j = y + a. List the prime factors of y/6*3/(-2).
2, 5
Let i be (-1)/3 - (-7)/3. Let f(z) = 2*z - 2. Let k be f(i). Suppose -g - 48 = -k*g. What are the prime factors of g?
2, 3
Let u be (-1484)/49 - 2/(-14)*2. Let s = u - -113. What are the prime factors of s?
83
Suppose 2*x = 5*x + 126. Let b = x + 100. What are the prime factors of b?
2, 29
Suppose 100*h + 7821 = 111*h. List the prime factors of h.
3, 79
Suppose -85 = 3*t - 4*t. Suppose 30 = 5*o - t. What are the prime factors of o?
23
Let z = 8433 + -5755. List the prime factors of z.
2, 13, 103
Let p = 1250 + -823. What are the prime factors of p?
7, 61
Let k be (-4)/(-6) + 28/(-6). Let x = k + 8. Suppose -3*c + x = -2. What are the prime factors of c?
2
Suppose w = -4*a + 9 + 2, a - 24 = 4*w. Suppose -a*u = l + 9, -u = -2*l - 6*u - 9. Suppose 3*m - 8 = v + 4, -1 = -2*m + l*v. What are the prime factors of m?
5
Let t(a) = -18*a + 7. Let l be t(5). Let k(y) = -y**2 + 2*y + 22. Let z be k(9). Let g = z - l. List the prime factors of g.
2, 3, 7
Let s(t) = -t**3 - t**2 - t + 2. Let v be s(0). Let o = 13 - 12. What are the prime factors of o/2 + 47/v?
2, 3
Let q(f) = -3*f - 5. Let y be q(0). Let a(j) = j**3 + 5*j**2 - j - 3. Let v be a(y). Suppose b + 42 = v*b. List the prime factors of b.
2, 3, 7
Let a be -2 + ((-20)/(-4) - -1). Suppose l - a + 2 = 0, 0 = u - 4*l + 17. List the prime factors of u/(-3)*190/15.
2, 19
Let d(l) be the second derivative of l**4/6 - 11*l**3/6 + 13*l**2/2 + 7*l. What are the prime factors of d(6)?
19
Let w be 2/(-5) + 1358/(-5). Let q be 3*1 - w/8. Let z = 67 - q. List the prime factors of z.
2, 3, 5
Suppose 0 = -5*x + 4*s - 10, 2*x + 2*s = 4*x + 6. What are the prime factors of (4 - (x + 3))*(-88 + -2)?
2, 3, 5
Suppose 2*o = -0*o + 4. Suppose -o*r = 0, -z + 0*z = r. Suppose -2*c + 5*n + 20 = z, -3*c + 2*n = 7*n - 5. List the prime factors of c.
5
Suppose -k - 2*t = -22, 5*t = 3*k - 97 + 20. Let y be -1*k/(-9)*21. Let b = -35 + y. What are the prime factors of b?
3, 7
Let a(d) = -d**2 - 59*d - 1. What are the prime factors of a(-28)?
3, 17
Let u = -1132 - -2025. What are the prime factors of u?
19, 47
Let d = -674 + 1722. List the prime factors of d.
2, 131
Let h(z) = -z + 12. Let w be h(5). Let k = w + -11. What are the prim